{"id":20384,"date":"2022-07-20T09:37:26","date_gmt":"2022-07-20T14:37:26","guid":{"rendered":"https:\/\/mondedesylvieetpierre.ca\/voyage\/?page_id=20384"},"modified":"2025-08-01T09:12:07","modified_gmt":"2025-08-01T14:12:07","slug":"archive-des-voyages","status":"publish","type":"page","link":"https:\/\/mondedesylvieetpierre.ca\/voyage\/?page_id=20384","title":{"rendered":"Archive des voyages"},"content":{"rendered":"\t\t<div data-elementor-type=\"wp-page\" data-elementor-id=\"20384\" class=\"elementor elementor-20384\" data-elementor-post-type=\"page\">\n\t\t\t\t\t\t<section class=\"elementor-section elementor-top-section elementor-element elementor-element-a0b18a2 elementor-section-boxed elementor-section-height-default elementor-section-height-default\" data-id=\"a0b18a2\" data-element_type=\"section\" data-e-type=\"section\">\n\t\t\t\t\t\t<div class=\"elementor-container elementor-column-gap-default\">\n\t\t\t\t\t<div class=\"elementor-column elementor-col-100 elementor-top-column elementor-element elementor-element-8bb5973\" data-id=\"8bb5973\" data-element_type=\"column\" data-e-type=\"column\">\n\t\t\t<div class=\"elementor-widget-wrap elementor-element-populated\">\n\t\t\t\t\t\t<div class=\"elementor-element elementor-element-4c33d2f elementor-widget elementor-widget-heading\" data-id=\"4c33d2f\" data-element_type=\"widget\" data-e-type=\"widget\" data-widget_type=\"heading.default\">\n\t\t\t\t\t<h2 class=\"elementor-heading-title elementor-size-large\">Tous nos voyages<\/h2>\t\t\t\t<\/div>\n\t\t\t\t\t<\/div>\n\t\t<\/div>\n\t\t\t\t\t<\/div>\n\t\t<\/section>\n\t\t\t\t<section class=\"elementor-section elementor-top-section elementor-element elementor-element-0814676 elementor-section-boxed elementor-section-height-default elementor-section-height-default\" data-id=\"0814676\" data-element_type=\"section\" data-e-type=\"section\">\n\t\t\t\t\t\t<div class=\"elementor-container elementor-column-gap-default\">\n\t\t\t\t\t<div class=\"elementor-column elementor-col-100 elementor-top-column elementor-element elementor-element-94b84e9\" data-id=\"94b84e9\" data-element_type=\"column\" data-e-type=\"column\">\n\t\t\t<div class=\"elementor-widget-wrap elementor-element-populated\">\n\t\t\t\t\t\t<div class=\"elementor-element elementor-element-36965bc elementor-widget elementor-widget-heading\" data-id=\"36965bc\" data-element_type=\"widget\" data-e-type=\"widget\" data-widget_type=\"heading.default\">\n\t\t\t\t\t<h2 class=\"elementor-heading-title elementor-size-medium\">Par dates chronologiques<br \/>\ndes plus r\u00e9centes au plus anciennes<\/h2>\t\t\t\t<\/div>\n\t\t\t\t\t<\/div>\n\t\t<\/div>\n\t\t\t\t\t<\/div>\n\t\t<\/section>\n\t\t\t\t<section class=\"elementor-section elementor-top-section elementor-element elementor-element-ba4f294 elementor-section-boxed elementor-section-height-default elementor-section-height-default\" data-id=\"ba4f294\" data-element_type=\"section\" data-e-type=\"section\">\n\t\t\t\t\t\t<div class=\"elementor-container elementor-column-gap-default\">\n\t\t\t\t\t<div class=\"elementor-column elementor-col-100 elementor-top-column elementor-element elementor-element-b65fb53\" data-id=\"b65fb53\" data-element_type=\"column\" data-e-type=\"column\">\n\t\t\t<div class=\"elementor-widget-wrap elementor-element-populated\">\n\t\t\t\t\t\t<div class=\"elementor-element elementor-element-3eaa8fd elementor-widget elementor-widget-image\" data-id=\"3eaa8fd\" data-element_type=\"widget\" data-e-type=\"widget\" data-widget_type=\"image.default\">\n\t\t\t\t\t\t\t\t\t\t\t\t\t\t\t<img decoding=\"async\" width=\"421\" height=\"18\" src=\"https:\/\/mondedesylvieetpierre.ca\/voyage\/wp-content\/uploads\/2022\/09\/Line-divider-black_421x18.png\" class=\"attachment-pixelwars_theme_image_size_nullx1080 size-pixelwars_theme_image_size_nullx1080 wp-image-22409\" alt=\"\" srcset=\"https:\/\/mondedesylvieetpierre.ca\/voyage\/wp-content\/uploads\/2022\/09\/Line-divider-black_421x18.png 421w, https:\/\/mondedesylvieetpierre.ca\/voyage\/wp-content\/uploads\/2022\/09\/Line-divider-black_421x18-300x13.png 300w\" sizes=\"(max-width: 421px) 100vw, 421px\" \/>\t\t\t\t\t\t\t\t\t\t\t\t\t\t\t<\/div>\n\t\t\t\t\t<\/div>\n\t\t<\/div>\n\t\t\t\t\t<\/div>\n\t\t<\/section>\n\t\t\t\t<section class=\"elementor-section elementor-top-section elementor-element elementor-element-a938a85 elementor-section-boxed elementor-section-height-default elementor-section-height-default\" data-id=\"a938a85\" data-element_type=\"section\" data-e-type=\"section\">\n\t\t\t\t\t\t<div class=\"elementor-container elementor-column-gap-default\">\n\t\t\t\t\t<div class=\"elementor-column elementor-col-100 elementor-top-column elementor-element elementor-element-5493420\" data-id=\"5493420\" data-element_type=\"column\" data-e-type=\"column\">\n\t\t\t<div class=\"elementor-widget-wrap elementor-element-populated\">\n\t\t\t\t\t\t<div class=\"elementor-element elementor-element-183407c elementor-grid-1 elementor-posts--align-center elementor-grid-tablet-2 elementor-grid-mobile-1 elementor-posts--thumbnail-top elementor-widget elementor-widget-posts\" data-id=\"183407c\" data-element_type=\"widget\" data-e-type=\"widget\" data-settings=\"{&quot;classic_columns&quot;:&quot;1&quot;,&quot;pagination_type&quot;:&quot;numbers_and_prev_next&quot;,&quot;classic_columns_tablet&quot;:&quot;2&quot;,&quot;classic_columns_mobile&quot;:&quot;1&quot;,&quot;classic_row_gap&quot;:{&quot;unit&quot;:&quot;px&quot;,&quot;size&quot;:35,&quot;sizes&quot;:[]},&quot;classic_row_gap_tablet&quot;:{&quot;unit&quot;:&quot;px&quot;,&quot;size&quot;:&quot;&quot;,&quot;sizes&quot;:[]},&quot;classic_row_gap_mobile&quot;:{&quot;unit&quot;:&quot;px&quot;,&quot;size&quot;:&quot;&quot;,&quot;sizes&quot;:[]}}\" data-widget_type=\"posts.classic\">\n\t\t\t\t<div class=\"elementor-widget-container\">\n\t\t\t\t\t\t\t<div class=\"elementor-posts-container elementor-posts elementor-posts--skin-classic elementor-grid\" role=\"list\">\n\t\t\t\t<article class=\"elementor-post elementor-grid-item post-46082 post type-post status-publish format-standard hentry category-croisiere_antilles_orientales_2025-2026\" role=\"listitem\">\n\t\t\t\t<div class=\"elementor-post__text\">\n\t\t\t\t<h3 class=\"elementor-post__title\">\n\t\t\t<a href=\"https:\/\/mondedesylvieetpierre.ca\/voyage\/?p=46082\" >\n\t\t\t\tCroisi\u00e8re Antilles Orientales 2025-2026\t\t\t<\/a>\n\t\t<\/h3>\n\t\t\t\t<div class=\"elementor-post__excerpt\">\n\t\t\t<p>Notre croisi\u00e8re <em>Antilles Orientales<\/em> d\u2019une dur\u00e9e de 20&nbsp;jours du 26 d\u00e9cembre 2025 au 14 janvier 2026, soit 1&nbsp;nuit\u00e9e \u00e0 l\u2019h\u00f4tel <em>Rodeway&nbsp;Inn &#038; Suites<\/em> \u00e0 Fort&nbsp;Lauderdale au d\u00e9but de notre voyage, et 19&nbsp;jours avec le MS&nbsp;Koningsdam (HAL).<\/p>\n\t\t<\/div>\n\t\t\t\t\t<div class=\"elementor-post__read-more-wrapper\">\n\t\t\n\t\t<a class=\"elementor-post__read-more\" href=\"https:\/\/mondedesylvieetpierre.ca\/voyage\/?p=46082\" aria-label=\"En savoir plus sur Croisi\u00e8re Antilles Orientales 2025-2026\" tabindex=\"-1\" >\n\t\t\tLire la suite ... \u00bb\t\t<\/a>\n\n\t\t\t\t\t<\/div>\n\t\t\t\t<\/div>\n\t\t\t\t<\/article>\n\t\t\t\t<article class=\"elementor-post elementor-grid-item post-45706 post type-post status-publish format-standard hentry category-sejour_philadelphie_2025\" role=\"listitem\">\n\t\t\t\t<div class=\"elementor-post__text\">\n\t\t\t\t<h3 class=\"elementor-post__title\">\n\t\t\t<a href=\"https:\/\/mondedesylvieetpierre.ca\/voyage\/?p=45706\" >\n\t\t\t\tS\u00e9jour \u00e0 Philadelphie en 2025\t\t\t<\/a>\n\t\t<\/h3>\n\t\t\t\t<div class=\"elementor-post__excerpt\">\n\t\t\t<p>Notre s\u00e9jour de quatre jours du 7 au 10 ao\u00fbt 2025 \u00e0 Philadelphie dans l&rsquo;\u00c9tat de Pennsylvanie.<br \/>\nEn autocar avec le voyagiste Tours Am\u00e9rique avec un groupe de 20 personnes.<\/p>\n\t\t<\/div>\n\t\t\t\t\t<div class=\"elementor-post__read-more-wrapper\">\n\t\t\n\t\t<a class=\"elementor-post__read-more\" href=\"https:\/\/mondedesylvieetpierre.ca\/voyage\/?p=45706\" aria-label=\"En savoir plus sur S\u00e9jour \u00e0 Philadelphie en 2025\" tabindex=\"-1\" >\n\t\t\tLire la suite ... \u00bb\t\t<\/a>\n\n\t\t\t\t\t<\/div>\n\t\t\t\t<\/div>\n\t\t\t\t<\/article>\n\t\t\t\t<article class=\"elementor-post elementor-grid-item post-45417 post type-post status-publish format-standard hentry category-saguenay-lac-saint-jean_2025\" role=\"listitem\">\n\t\t\t\t<div class=\"elementor-post__text\">\n\t\t\t\t<h3 class=\"elementor-post__title\">\n\t\t\t<a href=\"https:\/\/mondedesylvieetpierre.ca\/voyage\/?p=45417\" >\n\t\t\t\tS\u00e9jour au Saguenay-Lac-Saint-Jean en 2025\t\t\t<\/a>\n\t\t<\/h3>\n\t\t\t\t<div class=\"elementor-post__excerpt\">\n\t\t\t<p>Notre s\u00e9jour de trois jours dans la r\u00e9gion du Saguenay-Lac-Saint-Jean avec 33 de nos membres du chapitre Richelieu et un groupe de 13 personnes de Saint-Jean-sur-Richelieu, organis\u00e9e par Groupe Voyages Qu\u00e9bec en autocar de luxe.<\/p>\n\t\t<\/div>\n\t\t\t\t\t<div class=\"elementor-post__read-more-wrapper\">\n\t\t\n\t\t<a class=\"elementor-post__read-more\" href=\"https:\/\/mondedesylvieetpierre.ca\/voyage\/?p=45417\" aria-label=\"En savoir plus sur S\u00e9jour au Saguenay-Lac-Saint-Jean en 2025\" tabindex=\"-1\" >\n\t\t\tLire la suite ... \u00bb\t\t<\/a>\n\n\t\t\t\t\t<\/div>\n\t\t\t\t<\/div>\n\t\t\t\t<\/article>\n\t\t\t\t<article class=\"elementor-post elementor-grid-item post-45072 post type-post status-publish format-standard hentry category-cote_atlantique_coloniale_2025\" role=\"listitem\">\n\t\t\t\t<div class=\"elementor-post__text\">\n\t\t\t\t<h3 class=\"elementor-post__title\">\n\t\t\t<a href=\"https:\/\/mondedesylvieetpierre.ca\/voyage\/?p=45072\" >\n\t\t\t\tCroisi\u00e8re C\u00f4te Atlantique coloniale en 2025\t\t\t<\/a>\n\t\t<\/h3>\n\t\t\t\t<div class=\"elementor-post__excerpt\">\n\t\t\t<p>Notre croisi\u00e8re C\u00f4te Atlantique coloniale d\u2019une dur\u00e9e de 18 jours du 7 au 24 mai 2024, soit 2 nuit\u00e9e \u00e0 l\u2019h\u00f4tel Rodeway Inn &#038; Suites \u00e0 Fort Lauderdale au d\u00e9but de notre voyage, et de 15\u00a0jours avec le MS Zuiderdam (HAL).<\/p>\n\t\t<\/div>\n\t\t\t\t\t<div class=\"elementor-post__read-more-wrapper\">\n\t\t\n\t\t<a class=\"elementor-post__read-more\" href=\"https:\/\/mondedesylvieetpierre.ca\/voyage\/?p=45072\" aria-label=\"En savoir plus sur Croisi\u00e8re C\u00f4te Atlantique coloniale en 2025\" tabindex=\"-1\" >\n\t\t\tLire la suite ... \u00bb\t\t<\/a>\n\n\t\t\t\t\t<\/div>\n\t\t\t\t<\/div>\n\t\t\t\t<\/article>\n\t\t\t\t<article class=\"elementor-post elementor-grid-item post-44363 post type-post status-publish format-standard hentry category-caraibes-amazone_2025\" role=\"listitem\">\n\t\t\t\t<div class=\"elementor-post__text\">\n\t\t\t\t<h3 class=\"elementor-post__title\">\n\t\t\t<a href=\"https:\/\/mondedesylvieetpierre.ca\/voyage\/?p=44363\" >\n\t\t\t\tCroisi\u00e8re Cara\u00efbes + Exploration de l&rsquo;Amazone en 2025\t\t\t<\/a>\n\t\t<\/h3>\n\t\t\t\t<div class=\"elementor-post__excerpt\">\n\t\t\t<p>Notre croisi\u00e8re Cara\u00efbes + Exploration de l&rsquo;Amazone, soit d\u2019une dur\u00e9e de 27\u00a0jours du 8\u00a0f\u00e9vrier au 7\u00a0mars en\u00a02025, avec le MS\u00a0Zaandam de la compagnie d\u2019Holland\u00a0America\u00a0Line.<\/p>\n\t\t<\/div>\n\t\t\t\t\t<div class=\"elementor-post__read-more-wrapper\">\n\t\t\n\t\t<a class=\"elementor-post__read-more\" href=\"https:\/\/mondedesylvieetpierre.ca\/voyage\/?p=44363\" aria-label=\"En savoir plus sur Croisi\u00e8re Cara\u00efbes + Exploration de l&rsquo;Amazone en 2025\" tabindex=\"-1\" >\n\t\t\tLire la suite ... \u00bb\t\t<\/a>\n\n\t\t\t\t\t<\/div>\n\t\t\t\t<\/div>\n\t\t\t\t<\/article>\n\t\t\t\t<article class=\"elementor-post elementor-grid-item post-44079 post type-post status-publish format-standard hentry category-grece_turquie_chypre_2024\" role=\"listitem\">\n\t\t\t\t<div class=\"elementor-post__text\">\n\t\t\t\t<h3 class=\"elementor-post__title\">\n\t\t\t<a href=\"https:\/\/mondedesylvieetpierre.ca\/voyage\/?p=44079\" >\n\t\t\t\tCroisi\u00e8re Gr\u00e8ce \u2014 Turquie \u2014 Chypre en 2024\t\t\t<\/a>\n\t\t<\/h3>\n\t\t\t\t<div class=\"elementor-post__excerpt\">\n\t\t\t<p>Notre croisi\u00e8re, Gr\u00e8ce \u2014 Turquie \u2014 Chypre d\u2019une dur\u00e9e de 14 jours du 5 au 19&nbsp;ao\u00fbt en&nbsp;2024, avec le bateau de croisi\u00e8re MS&nbsp;Oosterdam de la compagnie d\u2019Holland&nbsp;America&nbsp;Line et 2 nuit\u00e9e dans une h\u00f4tel en Gr\u00e8ce aller-retour.<\/p>\n\t\t<\/div>\n\t\t\t\t\t<div class=\"elementor-post__read-more-wrapper\">\n\t\t\n\t\t<a class=\"elementor-post__read-more\" href=\"https:\/\/mondedesylvieetpierre.ca\/voyage\/?p=44079\" aria-label=\"En savoir plus sur Croisi\u00e8re Gr\u00e8ce \u2014 Turquie \u2014 Chypre en 2024\" tabindex=\"-1\" >\n\t\t\tLire la suite ... \u00bb\t\t<\/a>\n\n\t\t\t\t\t<\/div>\n\t\t\t\t<\/div>\n\t\t\t\t<\/article>\n\t\t\t\t<article class=\"elementor-post elementor-grid-item post-43501 post type-post status-publish format-standard hentry category-transatlantique_europe-ouest_iles-canaries_2024\" role=\"listitem\">\n\t\t\t\t<div class=\"elementor-post__text\">\n\t\t\t\t<h3 class=\"elementor-post__title\">\n\t\t\t<a href=\"https:\/\/mondedesylvieetpierre.ca\/voyage\/?p=43501\" >\n\t\t\t\tCroisi\u00e8re Transatlantique \u2014 Europe de l&rsquo;Ouest \u2014 \u00celes Canaries en 2024\t\t\t<\/a>\n\t\t<\/h3>\n\t\t\t\t<div class=\"elementor-post__excerpt\">\n\t\t\t<p>Notre croisi\u00e8re, la travers\u00e9 de l&rsquo;Atlantique \u2014 Europe de l&rsquo;Ouest \u2014 \u00celes&nbsp;Canaries d\u2019une dur\u00e9e de 30 jours du 6&nbsp;avril au 5&nbsp;mai en&nbsp;2024, avec le bateau de croisi\u00e8re MS&nbsp;Nieuw&nbsp;Statendam de la compagnie d\u2019Holland&nbsp;America&nbsp;Line.<\/p>\n\t\t<\/div>\n\t\t\t\t\t<div class=\"elementor-post__read-more-wrapper\">\n\t\t\n\t\t<a class=\"elementor-post__read-more\" href=\"https:\/\/mondedesylvieetpierre.ca\/voyage\/?p=43501\" aria-label=\"En savoir plus sur Croisi\u00e8re Transatlantique \u2014 Europe de l&rsquo;Ouest \u2014 \u00celes Canaries en 2024\" tabindex=\"-1\" >\n\t\t\tLire la suite ... \u00bb\t\t<\/a>\n\n\t\t\t\t\t<\/div>\n\t\t\t\t<\/div>\n\t\t\t\t<\/article>\n\t\t\t\t<article class=\"elementor-post elementor-grid-item post-43154 post type-post status-publish format-standard hentry category-antilles_hollandaises_2024\" role=\"listitem\">\n\t\t\t\t<div class=\"elementor-post__text\">\n\t\t\t\t<h3 class=\"elementor-post__title\">\n\t\t\t<a href=\"https:\/\/mondedesylvieetpierre.ca\/voyage\/?p=43154\" >\n\t\t\t\tCroisi\u00e8re Antilles Hollandaises en 2024\t\t\t<\/a>\n\t\t<\/h3>\n\t\t\t\t<div class=\"elementor-post__excerpt\">\n\t\t\t<p>Notre croisi\u00e8re dans les <em>Antilles Hollandaises<\/em> d\u2019une dur\u00e9e de 12&nbsp;jours du 25&nbsp;janvier au 5&nbsp;f\u00e9vrier&nbsp;2024, soit 1 nuit\u00e9e \u00e0 l\u2019h\u00f4tel <em>Rodeway&nbsp;Inn &#038; Suites Fort&nbsp;Lauderdale Airport &#038; Cruise&nbsp;Port<\/em> au d\u00e9but de notre voyage, 9 jours de croisi\u00e8re sur le bateau de croisi\u00e8re <em>MS&nbsp;Rotterdam<\/em> de la compagnie d\u2019<em>Holland&nbsp;America&nbsp;Line<\/em> et 1 nuit\u00e9e \u00e0 l\u2019h\u00f4tel <em>Rodeway&nbsp;Inn &#038; Suites Fort&nbsp;Lauderdale Airport &#038; Cruise&nbsp;Port<\/em> \u00e0 la fin de notre voyage.<\/p>\n\t\t<\/div>\n\t\t\t\t\t<div class=\"elementor-post__read-more-wrapper\">\n\t\t\n\t\t<a class=\"elementor-post__read-more\" href=\"https:\/\/mondedesylvieetpierre.ca\/voyage\/?p=43154\" aria-label=\"En savoir plus sur Croisi\u00e8re Antilles Hollandaises en 2024\" tabindex=\"-1\" >\n\t\t\tLire la suite ... \u00bb\t\t<\/a>\n\n\t\t\t\t\t<\/div>\n\t\t\t\t<\/div>\n\t\t\t\t<\/article>\n\t\t\t\t<article class=\"elementor-post elementor-grid-item post-41236 post type-post status-publish format-standard hentry category-afrique_du_sud_2023\" role=\"listitem\">\n\t\t\t\t<div class=\"elementor-post__text\">\n\t\t\t\t<h3 class=\"elementor-post__title\">\n\t\t\t<a href=\"https:\/\/mondedesylvieetpierre.ca\/voyage\/?p=41236\" >\n\t\t\t\tS\u00e9jour en Afrique du Sud en 2023\t\t\t<\/a>\n\t\t<\/h3>\n\t\t\t\t<div class=\"elementor-post__excerpt\">\n\t\t\t<p>Notre s\u00e9jour en Afrique du Sud avec Objectif Monde d&rsquo;un groupe de 35 personnes d&rsquo;une dur\u00e9e de 15 jours du 18 octobre au 1 novembre 2023.<\/p>\n\t\t<\/div>\n\t\t\t\t\t<div class=\"elementor-post__read-more-wrapper\">\n\t\t\n\t\t<a class=\"elementor-post__read-more\" href=\"https:\/\/mondedesylvieetpierre.ca\/voyage\/?p=41236\" aria-label=\"En savoir plus sur S\u00e9jour en Afrique du Sud en 2023\" tabindex=\"-1\" >\n\t\t\tLire la suite ... \u00bb\t\t<\/a>\n\n\t\t\t\t\t<\/div>\n\t\t\t\t<\/div>\n\t\t\t\t<\/article>\n\t\t\t\t<article class=\"elementor-post elementor-grid-item post-40547 post type-post status-publish format-standard hentry category-croisiere_mediterranee_et_adriatique_2023\" role=\"listitem\">\n\t\t\t\t<div class=\"elementor-post__text\">\n\t\t\t\t<h3 class=\"elementor-post__title\">\n\t\t\t<a href=\"https:\/\/mondedesylvieetpierre.ca\/voyage\/?p=40547\" >\n\t\t\t\tCroisi\u00e8re M\u00e9diterran\u00e9e et Adriatique en 2023\t\t\t<\/a>\n\t\t<\/h3>\n\t\t\t\t<div class=\"elementor-post__excerpt\">\n\t\t\t<p>Notre croisi\u00e8re en M\u00e9diterran\u00e9e et Adriatique d\u2019une dur\u00e9e de 26&nbsp;jours du 13&nbsp;juillet au 7&nbsp;ao\u00fbt&nbsp;2023, sur le bateau de croisi\u00e8re MS&nbsp;Oosterdam de la compagnie d\u2019Holland&nbsp;America&nbsp;Line.<\/p>\n\t\t<\/div>\n\t\t\t\t\t<div class=\"elementor-post__read-more-wrapper\">\n\t\t\n\t\t<a class=\"elementor-post__read-more\" href=\"https:\/\/mondedesylvieetpierre.ca\/voyage\/?p=40547\" aria-label=\"En savoir plus sur Croisi\u00e8re M\u00e9diterran\u00e9e et Adriatique en 2023\" tabindex=\"-1\" >\n\t\t\tLire la suite ... \u00bb\t\t<\/a>\n\n\t\t\t\t\t<\/div>\n\t\t\t\t<\/div>\n\t\t\t\t<\/article>\n\t\t\t\t<\/div>\n\t\t\n\t\t\t\t<div class=\"e-load-more-anchor\" data-page=\"1\" data-max-page=\"7\" data-next-page=\"https:\/\/mondedesylvieetpierre.ca\/voyage\/index.php?rest_route=%2Fwp%2Fv2%2Fpages%2F20384&#038;paged=2\"><\/div>\n\t\t\t\t<nav class=\"elementor-pagination\" aria-label=\"Pagination\">\n\t\t\t<span class=\"page-numbers prev\">&laquo; Voyages plus r\u00e9cents<\/span>\n<span aria-current=\"page\" class=\"page-numbers current\"><span class=\"elementor-screen-only\">Page<\/span>1<\/span>\n<a class=\"page-numbers\" href=\"https:\/\/mondedesylvieetpierre.ca\/voyage\/index.php\/?paged=2\"><span class=\"elementor-screen-only\">Page<\/span>2<\/a>\n<a class=\"page-numbers\" href=\"https:\/\/mondedesylvieetpierre.ca\/voyage\/index.php\/?paged=3\"><span class=\"elementor-screen-only\">Page<\/span>3<\/a>\n<span class=\"page-numbers dots\">\u2026<\/span>\n<a class=\"page-numbers\" href=\"https:\/\/mondedesylvieetpierre.ca\/voyage\/index.php\/?paged=7\"><span class=\"elementor-screen-only\">Page<\/span>7<\/a>\n<a class=\"page-numbers next\" href=\"https:\/\/mondedesylvieetpierre.ca\/voyage\/index.php?rest_route=%2Fwp%2Fv2%2Fpages%2F20384&#038;paged=2\">Voyages plus anciens &raquo;<\/a>\t\t<\/nav>\n\t\t\t\t\t\t<\/div>\n\t\t\t\t<\/div>\n\t\t\t\t\t<\/div>\n\t\t<\/div>\n\t\t\t\t\t<\/div>\n\t\t<\/section>\n\t\t\t\t<\/div>\n\t\t","protected":false},"excerpt":{"rendered":"<p>Tous nos voyages Par dates chronologiques des plus r\u00e9centes au plus anciennes<\/p>\n","protected":false},"author":1,"featured_media":0,"parent":0,"menu_order":0,"comment_status":"closed","ping_status":"closed","template":"","meta":{"footnotes":""},"categories":[],"tags":[],"class_list":["post-20384","page","type-page","status-publish","hentry"],"_links":{"self":[{"href":"https:\/\/mondedesylvieetpierre.ca\/voyage\/index.php?rest_route=\/wp\/v2\/pages\/20384","targetHints":{"allow":["GET"]}}],"collection":[{"href":"https:\/\/mondedesylvieetpierre.ca\/voyage\/index.php?rest_route=\/wp\/v2\/pages"}],"about":[{"href":"https:\/\/mondedesylvieetpierre.ca\/voyage\/index.php?rest_route=\/wp\/v2\/types\/page"}],"author":[{"embeddable":true,"href":"https:\/\/mondedesylvieetpierre.ca\/voyage\/index.php?rest_route=\/wp\/v2\/users\/1"}],"replies":[{"embeddable":true,"href":"https:\/\/mondedesylvieetpierre.ca\/voyage\/index.php?rest_route=%2Fwp%2Fv2%2Fcomments&post=20384"}],"version-history":[{"count":0,"href":"https:\/\/mondedesylvieetpierre.ca\/voyage\/index.php?rest_route=\/wp\/v2\/pages\/20384\/revisions"}],"wp:attachment":[{"href":"https:\/\/mondedesylvieetpierre.ca\/voyage\/index.php?rest_route=%2Fwp%2Fv2%2Fmedia&parent=20384"}],"wp:term":[{"taxonomy":"category","embeddable":true,"href":"https:\/\/mondedesylvieetpierre.ca\/voyage\/index.php?rest_route=%2Fwp%2Fv2%2Fcategories&post=20384"},{"taxonomy":"post_tag","embeddable":true,"href":"https:\/\/mondedesylvieetpierre.ca\/voyage\/index.php?rest_route=%2Fwp%2Fv2%2Ftags&post=20384"}],"curies":[{"name":"wp","href":"https:\/\/api.w.org\/{rel}","templated":true}]}}